{"id":2,"date":"2015-03-14T09:10:14","date_gmt":"2015-03-14T09:10:14","guid":{"rendered":"http:\/\/stadlrogga.de\/stadl\/?page_id=2"},"modified":"2022-03-26T09:52:59","modified_gmt":"2022-03-26T08:52:59","slug":"impressum","status":"publish","type":"page","link":"http:\/\/stadlrogga.de\/stadl\/impressum\/","title":{"rendered":"Impressum"},"content":{"rendered":"<section>\n<article id=\"impressum\"><a href=\"http:\/\/stadlrogga.de\/stadl\/wp-content\/uploads\/2022\/03\/Unknown.jpeg\"><img loading=\"lazy\" decoding=\"async\" class=\"alignleft size-full wp-image-3751\" src=\"http:\/\/stadlrogga.de\/stadl\/wp-content\/uploads\/2022\/03\/Unknown.jpeg\" alt=\"\" width=\"225\" height=\"225\" srcset=\"http:\/\/stadlrogga.de\/stadl\/wp-content\/uploads\/2022\/03\/Unknown.jpeg 225w, http:\/\/stadlrogga.de\/stadl\/wp-content\/uploads\/2022\/03\/Unknown-150x150.jpeg 150w, http:\/\/stadlrogga.de\/stadl\/wp-content\/uploads\/2022\/03\/Unknown-1x1.jpeg 1w\" sizes=\"auto, (max-width: 225px) 100vw, 225px\" \/><\/a>Monkey Cab Steven Pluder, Robert Voigt GbR<\/article>\n<article>Erlbacher Str.97<\/article>\n<article>08258 MarkneukirchenTelefon +4937422\/747424Fax:&nbsp; +4937422 \/ 74 74 34&nbsp;<\/p>\n<p>Email: info@mrfeelgood.de<\/p>\n<p>Internet: www.stadlrogga.de Umsatzsteueridentifikationsnummer gem\u00e4\u00df \u00a727a Umsatzsteuergesetz: DE189251728 Haftungshinweis: Trotz sorgf\u00e4ltiger inhaltlicher Kontrolle \u00fcbernehmen wir keine Haftung f\u00fcr den Inhalt externer Links.<br \/>\nF\u00fcr den Inhalt der verlinkten Seiten sind ausschlie\u00dflich deren Betreiber verantwortlich.<\/p>\n<\/article>\n<\/section>\n","protected":false},"excerpt":{"rendered":"<p>Monkey Cab Steven Pluder, Robert Voigt GbR Erlbacher Str.97 08258 MarkneukirchenTelefon +4937422\/747424Fax:&nbsp; +4937422 \/ 74 74 34&nbsp; Email: info@mrfeelgood.de Internet: www.stadlrogga.de Umsatzsteueridentifikationsnummer gem\u00e4\u00df \u00a727a Umsatzsteuergesetz: DE189251728 Haftungshinweis: Trotz sorgf\u00e4ltiger inhaltlicher Kontrolle \u00fcbernehmen wir keine Haftung f\u00fcr den Inhalt externer Links. F\u00fcr den Inhalt der verlinkten Seiten sind ausschlie\u00dflich deren Betreiber verantwortlich.<\/p>\n","protected":false},"author":1,"featured_media":0,"parent":0,"menu_order":0,"comment_status":"closed","ping_status":"closed","template":"","meta":{"footnotes":""},"class_list":["post-2","page","type-page","status-publish","czr-hentry"],"_links":{"self":[{"href":"http:\/\/stadlrogga.de\/stadl\/wp-json\/wp\/v2\/pages\/2","targetHints":{"allow":["GET"]}}],"collection":[{"href":"http:\/\/stadlrogga.de\/stadl\/wp-json\/wp\/v2\/pages"}],"about":[{"href":"http:\/\/stadlrogga.de\/stadl\/wp-json\/wp\/v2\/types\/page"}],"author":[{"embeddable":true,"href":"http:\/\/stadlrogga.de\/stadl\/wp-json\/wp\/v2\/users\/1"}],"replies":[{"embeddable":true,"href":"http:\/\/stadlrogga.de\/stadl\/wp-json\/wp\/v2\/comments?post=2"}],"version-history":[{"count":7,"href":"http:\/\/stadlrogga.de\/stadl\/wp-json\/wp\/v2\/pages\/2\/revisions"}],"predecessor-version":[{"id":3768,"href":"http:\/\/stadlrogga.de\/stadl\/wp-json\/wp\/v2\/pages\/2\/revisions\/3768"}],"wp:attachment":[{"href":"http:\/\/stadlrogga.de\/stadl\/wp-json\/wp\/v2\/media?parent=2"}],"curies":[{"name":"wp","href":"https:\/\/api.w.org\/{rel}","templated":true}]}}